{"id":1247,"date":"2018-12-23T17:15:49","date_gmt":"2018-12-23T16:15:49","guid":{"rendered":"http:\/\/www.airfactor.be\/?page_id=1247"},"modified":"2024-08-26T16:05:34","modified_gmt":"2024-08-26T15:05:34","slug":"rodeo-mecanique-360","status":"publish","type":"page","link":"http:\/\/www.airfactor.be\/index.php\/rodeo-mecanique-360\/","title":{"rendered":"Rod\u00e9o m\u00e9canique 360\u00b0"},"content":{"rendered":"<h5>Envie de passer une journ\u00e9e de folie , de rire, de s&rsquo;amuser entre amis ou entre coll\u00e8gues? Vous souhaitez impressionner vos convives?<br \/>\nNous avons l&rsquo;attraction qu&rsquo;il vous faut!<br \/>\nNous proposons ce magnifique taureau m\u00e9canique haut de gamme avec rotation \u00e0 360\u00b0, sensations et rires garantis&#8230;<br \/>\nPossibilit\u00e9 de plusieurs programmes totalement automatiques, de plusieurs vitesses ainsi qu&rsquo;un pilotage manuel pour \u00eatre certain d&rsquo;arriver \u00e0 ses fins&#8230; \ud83d\ude09<\/h5>\n<h1>Prix:\u00a0 399\u20ac la journ\u00e9e<\/h1>\n<h6>(hors livraison)<\/h6>\n<h6>Le prix de la livraison et de l&rsquo;installation sera \u00e0 convenir en fonction du lieu de d\u00e9p\u00f4t.<\/h6>\n<h6>Dimensions: 6m de diam\u00e8tre + 1,5m suppl\u00e9mentaire du c\u00f4t\u00e9 de la console et du moteur<\/h6>\n<h6>Nombre de participant pouvant jouer simultan\u00e9ment: 1<\/h6>\n<h6>Pour plus de tranquillit\u00e9 et de s\u00e9curit\u00e9, possibilit\u00e9 de fournir l&rsquo;attraction AVEC un op\u00e9rateur pour 39\u20ac\/h<\/h6>\n<p><img loading=\"lazy\" decoding=\"async\" class=\"aligncenter size-full wp-image-1249\" src=\"http:\/\/www.airfactor.be\/wp-content\/uploads\/2018\/12\/AIRFACTOR-TAUREAU-MECANIQUE-1.jpg\" alt=\"\" width=\"403\" height=\"302\" srcset=\"http:\/\/www.airfactor.be\/wp-content\/uploads\/2018\/12\/AIRFACTOR-TAUREAU-MECANIQUE-1.jpg 403w, http:\/\/www.airfactor.be\/wp-content\/uploads\/2018\/12\/AIRFACTOR-TAUREAU-MECANIQUE-1-300x225.jpg 300w\" sizes=\"(max-width: 403px) 100vw, 403px\" \/><a href=\"http:\/\/www.airfactor.be\/wp-content\/uploads\/2018\/12\/AIRFACTOR-TAUREAU-MECANIQUE-2.jpg\"><img loading=\"lazy\" decoding=\"async\" class=\"aligncenter size-full wp-image-1250\" src=\"http:\/\/www.airfactor.be\/wp-content\/uploads\/2018\/12\/AIRFACTOR-TAUREAU-MECANIQUE-2.jpg\" alt=\"\" width=\"403\" height=\"302\" srcset=\"http:\/\/www.airfactor.be\/wp-content\/uploads\/2018\/12\/AIRFACTOR-TAUREAU-MECANIQUE-2.jpg 403w, http:\/\/www.airfactor.be\/wp-content\/uploads\/2018\/12\/AIRFACTOR-TAUREAU-MECANIQUE-2-300x225.jpg 300w\" sizes=\"(max-width: 403px) 100vw, 403px\" \/><\/a><\/p>\n","protected":false},"excerpt":{"rendered":"<p>Envie de passer une journ\u00e9e de folie , de rire, de s&rsquo;amuser entre amis ou entre coll\u00e8gues? Vous souhaitez impressionner vos convives? Nous avons l&rsquo;attraction qu&rsquo;il vous faut! Nous proposons ce magnifique taureau m\u00e9canique haut de gamme avec rotation \u00e0 360\u00b0, sensations et rires garantis&#8230; Possibilit\u00e9 de plusieurs programmes totalement automatiques, de plusieurs vitesses ainsi &hellip; <a href=\"http:\/\/www.airfactor.be\/index.php\/rodeo-mecanique-360\/\" class=\"more-link\">Continuer la lecture de <span class=\"screen-reader-text\">Rod\u00e9o m\u00e9canique 360\u00b0<\/span> <span class=\"meta-nav\">&rarr;<\/span><\/a><\/p>\n","protected":false},"author":1,"featured_media":0,"parent":0,"menu_order":0,"comment_status":"closed","ping_status":"closed","template":"","meta":{"footnotes":""},"_links":{"self":[{"href":"http:\/\/www.airfactor.be\/index.php\/wp-json\/wp\/v2\/pages\/1247"}],"collection":[{"href":"http:\/\/www.airfactor.be\/index.php\/wp-json\/wp\/v2\/pages"}],"about":[{"href":"http:\/\/www.airfactor.be\/index.php\/wp-json\/wp\/v2\/types\/page"}],"author":[{"embeddable":true,"href":"http:\/\/www.airfactor.be\/index.php\/wp-json\/wp\/v2\/users\/1"}],"replies":[{"embeddable":true,"href":"http:\/\/www.airfactor.be\/index.php\/wp-json\/wp\/v2\/comments?post=1247"}],"version-history":[{"count":13,"href":"http:\/\/www.airfactor.be\/index.php\/wp-json\/wp\/v2\/pages\/1247\/revisions"}],"predecessor-version":[{"id":1445,"href":"http:\/\/www.airfactor.be\/index.php\/wp-json\/wp\/v2\/pages\/1247\/revisions\/1445"}],"wp:attachment":[{"href":"http:\/\/www.airfactor.be\/index.php\/wp-json\/wp\/v2\/media?parent=1247"}],"curies":[{"name":"wp","href":"https:\/\/api.w.org\/{rel}","templated":true}]}}